{"id":25,"date":"2016-02-08T13:13:18","date_gmt":"2016-02-08T13:13:18","guid":{"rendered":"https:\/\/treffpunktwettingen.ch\/wordpress\/?page_id=25"},"modified":"2026-03-22T12:28:06","modified_gmt":"2026-03-22T11:28:06","slug":"geschichte","status":"publish","type":"page","link":"https:\/\/treffpunktwettingen.ch\/wordpress\/geschichte\/","title":{"rendered":"Unser Portrait"},"content":{"rendered":"\n<p>Der Verein treff.punkt Wettingen will den Alltag von Asylsuchenden und Fl\u00fcchtlingen&nbsp;in der Region erleichtern und einen Beitrag leisten zu ihrer Integration in die Gesellschaft und zu einem guten Miteinander.<\/p>\n\n\n\n<p>Die Situation von Gefl\u00fcchteten, ihr Leben hier und ihre Integration sind st\u00e4ndig im Fluss. Die Bed\u00fcrfnisse \u00e4ndern sich laufend. Unsere Arbeit muss auf neue Entwicklungen eingehen. Dabei wollen wir nicht die Arbeit der staatlichen Stellen \u00fcbernehmen, sondern erg\u00e4nzend arbeiten.<\/p>\n\n\n\n<p>Wir achten auch auf die Dynamik der Biografien der Menschen, denen unsere Aktivit\u00e4ten zu Gute kommen: Wenn ihr Aufenthaltsstatus sich \u00e4ndert, sollen sie nicht aus unseren Netzen fallen.<\/p>\n\n\n\n<p>Im Zentrum des Engagements stehen das Lernen, Vertiefen und Anwenden der deutschen Sprache, das Erm\u00f6glichen von Begegnungen und die Begleitung und Hilfestellung.<\/p>\n\n\n\n<p>Die Vernetzung mit \u00f6ffentlichen und privaten Organisationen mit \u00e4hnlicher Zielsetzung ist uns wichtig.<\/p>\n\n\n\n<p>Die Angebote des Vereins werden von Freiwilligen getragen. Jeder und jede kann in Absprache mit dem Vorstand Ideen f\u00fcr integrierende Aktivit\u00e4ten einbringen.<\/p>\n\n\n\n<p>Das Interesse aneinander, respektvolle Begegnungen und offenes Zusammensein sind grundlegend.<\/p>\n\n\n\n<p>Zurzeit bieten wir an:<\/p>\n\n\n\n<ul class=\"wp-block-list\">\n<li>Deutschkurse<\/li>\n\n\n\n<li>Begegnungsm\u00f6glichkeiten, v.a. das Caf\u00e9 Pause als Begegnungsort. Es sind alle willkommen, die Freude am Kennenlernen und Interesse am Austausch haben.<\/li>\n\n\n\n<li>Gruppenweise und individuelle Unterst\u00fctzung f\u00fcr Lernende der Gewerbeschule, v.a. Mathematik<\/li>\n\n\n\n<li>Unterst\u00fctzung bei Fragen zu Arbeitsm\u00f6glichkeiten und beruflicher Ausbildung<\/li>\n\n\n\n<li>Unterst\u00fctzungen, die sich bei spontanen Kontakten ergeben<\/li>\n\n\n\n<li>in Zusammenarbeit mit andern Institutionen weitere Anl\u00e4sse<\/li>\n<\/ul>\n\n\n\n<p>Finanzen und Unterst\u00fctzung: Der Verein h\u00e4lt die Kosten so gering wie m\u00f6glich.<\/p>\n\n\n\n<p>Die R\u00e4ume f\u00fcr die Deutschkurse und f\u00fcr das Kafi treff.punkt stellt die Katholische Kirche Wettingen kostenlos zur Verf\u00fcgung.<\/p>\n\n\n\n<p>Im Rahmen der Integrationsmassnahmen des Kantons haben wir bisher Beitr\u00e4ge bekommen.<\/p>\n\n\n\n<p>Wir freuen uns, wenn Menschen den Verein nicht nur ideell, sondern auch finanziell unterst\u00fctzen. Wir sind \u00fcberzeugt, gemeinsam einen konstruktiven Beitrag f\u00fcr den gesellschaftlichen Zusammenhalt leisten zu k\u00f6nnen.<\/p>\n\n\n\n<p><strong>E-Mail:<\/strong> info@treffpunktwettingen.ch, <strong>Telefon:<\/strong> 056 221 62 55 (Camponovo)<\/p>\n\n\n\n<p><strong>Konto:<\/strong> Verein treff.punkt Wettingen<br>PC 89-140498-9 oder IBAN CH45 0900 0000 8914 0498 9.<\/p>\n\n\n\n<p><strong>Vorstand:<\/strong> Ruth Anner, Christa Camponovo, Odo Camponovo (Pr\u00e4sidium), Yvonne Cantone, <span id=\"page55R_mcid12\" class=\"markedContent\"><span dir=\"ltr\" role=\"presentation\">John Rankin<\/span><\/span><\/p>\n","protected":false},"excerpt":{"rendered":"<p>Der Verein treff.punkt Wettingen will den Alltag von Asylsuchenden und Fl\u00fcchtlingen&nbsp;in der Region erleichtern und einen Beitrag leisten zu ihrer Integration in die Gesellschaft und zu einem guten Miteinander. Die Situation von Gefl\u00fcchteten, ihr Leben hier und ihre Integration sind st\u00e4ndig im Fluss. Die Bed\u00fcrfnisse \u00e4ndern sich laufend. Unsere Arbeit muss auf neue Entwicklungen eingehen. [&hellip;]<\/p>\n","protected":false},"author":1,"featured_media":0,"parent":0,"menu_order":0,"comment_status":"closed","ping_status":"closed","template":"","meta":{"footnotes":""},"class_list":["post-25","page","type-page","status-publish","hentry"],"_links":{"self":[{"href":"https:\/\/treffpunktwettingen.ch\/wordpress\/wp-json\/wp\/v2\/pages\/25","targetHints":{"allow":["GET"]}}],"collection":[{"href":"https:\/\/treffpunktwettingen.ch\/wordpress\/wp-json\/wp\/v2\/pages"}],"about":[{"href":"https:\/\/treffpunktwettingen.ch\/wordpress\/wp-json\/wp\/v2\/types\/page"}],"author":[{"embeddable":true,"href":"https:\/\/treffpunktwettingen.ch\/wordpress\/wp-json\/wp\/v2\/users\/1"}],"replies":[{"embeddable":true,"href":"https:\/\/treffpunktwettingen.ch\/wordpress\/wp-json\/wp\/v2\/comments?post=25"}],"version-history":[{"count":38,"href":"https:\/\/treffpunktwettingen.ch\/wordpress\/wp-json\/wp\/v2\/pages\/25\/revisions"}],"predecessor-version":[{"id":2124,"href":"https:\/\/treffpunktwettingen.ch\/wordpress\/wp-json\/wp\/v2\/pages\/25\/revisions\/2124"}],"wp:attachment":[{"href":"https:\/\/treffpunktwettingen.ch\/wordpress\/wp-json\/wp\/v2\/media?parent=25"}],"curies":[{"name":"wp","href":"https:\/\/api.w.org\/{rel}","templated":true}]}}