{"id":31,"date":"2016-02-08T13:15:12","date_gmt":"2016-02-08T13:15:12","guid":{"rendered":"https:\/\/treffpunktwettingen.ch\/wordpress\/?page_id=31"},"modified":"2023-07-10T21:05:42","modified_gmt":"2023-07-10T19:05:42","slug":"unterstuetzung","status":"publish","type":"page","link":"https:\/\/treffpunktwettingen.ch\/wordpress\/unterstuetzung\/","title":{"rendered":"Unterst\u00fctzung"},"content":{"rendered":"\n<h3 class=\"wp-block-heading\">Wir freuen uns \u00fcber Ihre Unterst\u00fctzug!<\/h3>\n\n\n\n<p><strong>M\u00f6chten Sie Mitglied des <\/strong><sub><img loading=\"lazy\" decoding=\"async\" width=\"60\" height=\"19\" class=\"alignnone wp-image-360\" src=\"https:\/\/treffpunktwettingen.ch\/wordpress\/wp-content\/uploads\/2016\/03\/treffpunkt_3_LOGO-1-300x94.jpg\" alt=\"treffpunkt_3_LOGO (1)\" style=\"width: 60px;\" srcset=\"https:\/\/treffpunktwettingen.ch\/wordpress\/wp-content\/uploads\/2016\/03\/treffpunkt_3_LOGO-1-300x94.jpg 300w, https:\/\/treffpunktwettingen.ch\/wordpress\/wp-content\/uploads\/2016\/03\/treffpunkt_3_LOGO-1.jpg 400w\" sizes=\"auto, (max-width: 60px) 100vw, 60px\" \/><\/sub><strong> werden? Dann melden Sie sich unter<\/strong> <a href=\"mailto:info@treffpunktwettingen.ch\">info@treffpunktwettingen.ch<\/a> an.<\/p>\n\n\n\n<p><strong>Mitgliederbeitr\u00e4ge:<\/strong><\/p>\n\n\n\n<ul class=\"wp-block-list\">\n<li>Fr. \u00a0 30.&#8211; \/ Jahr f\u00fcr Einzelpersonen<\/li>\n\n\n\n<li>Fr.\u00a0\u00a0 50.&#8211; \/ Jahr f\u00fcr Familien<\/li>\n\n\n\n<li>Fr. 100.&#8211; \/ Jahr f\u00fcr juristische Personen<\/li>\n<\/ul>\n\n\n\n<p><strong>Spendenkonto:<\/strong><\/p>\n\n\n\n<figure class=\"wp-block-image aligncenter size-full\"><img loading=\"lazy\" decoding=\"async\" width=\"397\" height=\"397\" src=\"https:\/\/treffpunktwettingen.ch\/wordpress\/wp-content\/uploads\/2023\/07\/QR.png\" alt=\"\" class=\"wp-image-1981\" srcset=\"https:\/\/treffpunktwettingen.ch\/wordpress\/wp-content\/uploads\/2023\/07\/QR.png 397w, https:\/\/treffpunktwettingen.ch\/wordpress\/wp-content\/uploads\/2023\/07\/QR-300x300.png 300w, https:\/\/treffpunktwettingen.ch\/wordpress\/wp-content\/uploads\/2023\/07\/QR-150x150.png 150w\" sizes=\"auto, (max-width: 397px) 100vw, 397px\" \/><\/figure>\n\n\n\n<p class=\"has-text-align-center\">Verein Treff.Punkt, 5430 Wettingen, <br>PC Konto 89-140498-9 oder IBAN CH45 0900 0000 8914 0498 9<\/p>\n\n\n\n<p>Als gemeinn\u00fctzige Organisation ist der Verein treff.punkt steuerbefreit. Ihre Spenden k\u00f6nnen Sie gem\u00e4ss kantonaler Richtlinien von den Steuern abziehen. Sie erhalten von uns eine Spendenbescheinigung.<\/p>\n\n\n\n<h3 class=\"wp-block-heading\">Wir werden unterst\u00fctzt:<\/h3>\n\n\n\n<p>Neben vielen freiwillig Arbeitenden, allen Mitgliedern und Spendern werden wir durch untenstehende Institutionen oder Firmen unterst\u00fctzt &#8211; herzlichen Dank!<\/p>\n\n\n\n<p><a href=\"http:\/\/www.kath-wettingen.ch\/de\/index.php\">Katholische Kirche Wettingen<\/a><\/p>\n\n\n\n<p><a href=\"http:\/\/www.ref-wett-nhf.ch\/\">Evangelisch-Reformierte Kirchgemeinde Wettingen-Neuenhof<\/a><\/p>\n\n\n\n<p><a href=\"http:\/\/www.jawetti.ch\/Home\/\" target=\"_blank\" rel=\"noopener\">Jugendarbeit Wettingen<\/a><\/p>\n\n\n\n<p><a href=\"https:\/\/www.hadornag.ch\/\" target=\"_blank\" rel=\"noopener\">Webagentur Hadorn<\/a><\/p>\n\n\n\n<p><a href=\"http:\/\/www.lpcopycenter.ch\/\">Copy Center, Wettingen<\/a><\/p>\n\n\n\n<p><a href=\"https:\/\/de.yelp.ch\/biz\/alan-grossmarkt-gmbh-wettingen\">Alan Grossmarkt Gmbh<\/a><br><a title=\"Weiterlesen\" href=\"https:\/\/www.ag.ch\/de\/dfr\/finanzen\/swisslos_fonds_unterstuetzungsbeitraege_beantragen_\/swisslos_fonds_unterstuetzungsbeitraege_beantragen_1.jsp\" target=\"_blank\" rel=\"noopener\"><img loading=\"lazy\" decoding=\"async\" class=\"async\" src=\"http:\/\/www.liebegg.ch\/upload\/cms\/user\/SWISSLOSKantonAargaufarbig1.jpg\" alt=\"Logo SwissLos Aargau\" data-src=\"\/upload\/cms\/user\/SWISSLOSKantonAargaufarbig1.jpg\" width=\"144\" height=\"100\"><\/a><img loading=\"lazy\" decoding=\"async\" class=\"alignnone  wp-image-797\" src=\"https:\/\/treffpunktwettingen.ch\/wordpress\/wp-content\/uploads\/2016\/11\/logo_neu.png\" alt=\"logo_neu\" width=\"161\" height=\"61\"><\/p>\n","protected":false},"excerpt":{"rendered":"<p>Wir freuen uns \u00fcber Ihre Unterst\u00fctzug! M\u00f6chten Sie Mitglied des werden? Dann melden Sie sich unter info@treffpunktwettingen.ch an. Mitgliederbeitr\u00e4ge: Spendenkonto: Verein Treff.Punkt, 5430 Wettingen, PC Konto 89-140498-9 oder IBAN CH45 0900 0000 8914 0498 9 Als gemeinn\u00fctzige Organisation ist der Verein treff.punkt steuerbefreit. Ihre Spenden k\u00f6nnen Sie gem\u00e4ss kantonaler Richtlinien von den Steuern abziehen. Sie [&hellip;]<\/p>\n","protected":false},"author":1,"featured_media":0,"parent":0,"menu_order":0,"comment_status":"closed","ping_status":"closed","template":"","meta":{"footnotes":""},"class_list":["post-31","page","type-page","status-publish","hentry"],"_links":{"self":[{"href":"https:\/\/treffpunktwettingen.ch\/wordpress\/wp-json\/wp\/v2\/pages\/31","targetHints":{"allow":["GET"]}}],"collection":[{"href":"https:\/\/treffpunktwettingen.ch\/wordpress\/wp-json\/wp\/v2\/pages"}],"about":[{"href":"https:\/\/treffpunktwettingen.ch\/wordpress\/wp-json\/wp\/v2\/types\/page"}],"author":[{"embeddable":true,"href":"https:\/\/treffpunktwettingen.ch\/wordpress\/wp-json\/wp\/v2\/users\/1"}],"replies":[{"embeddable":true,"href":"https:\/\/treffpunktwettingen.ch\/wordpress\/wp-json\/wp\/v2\/comments?post=31"}],"version-history":[{"count":34,"href":"https:\/\/treffpunktwettingen.ch\/wordpress\/wp-json\/wp\/v2\/pages\/31\/revisions"}],"predecessor-version":[{"id":1989,"href":"https:\/\/treffpunktwettingen.ch\/wordpress\/wp-json\/wp\/v2\/pages\/31\/revisions\/1989"}],"wp:attachment":[{"href":"https:\/\/treffpunktwettingen.ch\/wordpress\/wp-json\/wp\/v2\/media?parent=31"}],"curies":[{"name":"wp","href":"https:\/\/api.w.org\/{rel}","templated":true}]}}